{"id":81,"date":"2023-11-10T12:17:00","date_gmt":"2023-11-10T11:17:00","guid":{"rendered":"https:\/\/alpakas-bruennau.de\/?page_id=81"},"modified":"2024-09-02T18:30:07","modified_gmt":"2024-09-02T16:30:07","slug":"geburtstage-fuer-erwachsene","status":"publish","type":"page","link":"https:\/\/alpakas-bruennau.de\/index.php\/angebote\/geburtstage-fuer-erwachsene\/","title":{"rendered":"Geburtstage f\u00fcr Erwachsene"},"content":{"rendered":"\n<p style=\"font-size:1.5rem\">Alle Geburtstage beginnen mit einer lehrreichen Einf\u00fchrung in die Alpakawelt. In und um den Stall herum k\u00f6nnen sowohl die Tiere als auch deren Lebensweise kennengelernt werden. Frei planbar sind die verschiedenen Inhalte des Geburtstages. Dazu z\u00e4hlen auch die Komponenten der kleinen Essenspause, des kreativen Gestaltens und der Fotografie. Die Besonderheit des Geburtstages&nbsp; ist die Wanderung mit unseren Alpakas, vorbei an Wald und Wiese.<\/p>\n\n\n\n<p style=\"font-size:1.5rem\">Kosten des Geburtstages, 320\u20ac bis 10 Personen, jede weitere Person 10\u20ac<\/p>\n\n\n\n<figure class=\"wp-block-gallery has-nested-images columns-default is-cropped wp-block-gallery-1 is-layout-flex wp-block-gallery-is-layout-flex\">\n<figure class=\"wp-block-image size-large\"><img loading=\"lazy\" decoding=\"async\" width=\"379\" height=\"253\" data-id=\"83\" src=\"https:\/\/alpakas-bruennau.de\/wp-content\/uploads\/2023\/11\/bild_geburtstage_erw.png\" alt=\"\" class=\"wp-image-83\" srcset=\"https:\/\/alpakas-bruennau.de\/wp-content\/uploads\/2023\/11\/bild_geburtstage_erw.png 379w, https:\/\/alpakas-bruennau.de\/wp-content\/uploads\/2023\/11\/bild_geburtstage_erw-300x200.png 300w\" sizes=\"auto, (max-width: 379px) 100vw, 379px\" \/><\/figure>\n<\/figure>\n\n\n\n<p class=\"has-large-font-size\"><a href=\"mailto:info@alpakawanderungen-bruennau.de?subject=Anfrage zu einem Geburtstag f\u00fcr Erwachsene\">Kontaktieren Sie uns mit diesem Link<\/a>.<\/p>\n\n\n\n<div class=\"wp-block-group has-accent-background-color has-background\" style=\"border-radius:52px;margin-top:var(--wp--preset--spacing--10);margin-bottom:var(--wp--preset--spacing--10);padding-top:var(--wp--preset--spacing--20);padding-right:var(--wp--preset--spacing--10);padding-bottom:var(--wp--preset--spacing--20);padding-left:var(--wp--preset--spacing--10)\"><div class=\"wp-block-group__inner-container is-layout-constrained wp-container-core-group-is-layout-70b45fd2 wp-block-group-is-layout-constrained\">\n<p style=\"font-size:1.5rem\">Wichtige Informationen zu allen Geburtstagen<\/p>\n\n\n\n<ul class=\"wp-block-list\">\n<li style=\"font-size:1.5rem\">Die Dauer betr\u00e4gt ca. 2 \u00bd bis 3 Stunden<\/li>\n\n\n\n<li style=\"font-size:1.5rem\">Kleine K\u00fchlm\u00f6glichkeiten sind f\u00fcr das mitgebrachte Essen verf\u00fcgbar<\/li>\n\n\n\n<li style=\"font-size:1.5rem\">Wir verf\u00fcgen leider \u00fcber keine Sanit\u00e4ren Anlagen und kein flie\u00dfend Wasser<\/li>\n<\/ul>\n<\/div><\/div>\n","protected":false},"excerpt":{"rendered":"<p>Alle Geburtstage beginnen mit einer lehrreichen Einf\u00fchrung in die Alpakawelt. In und um den Stall herum k\u00f6nnen sowohl die Tiere als auch deren Lebensweise kennengelernt werden. Frei planbar sind die verschiedenen Inhalte des Geburtstages. Dazu z\u00e4hlen auch die Komponenten der kleinen Essenspause, des kreativen Gestaltens und der Fotografie. Die Besonderheit des Geburtstages&nbsp; ist die Wanderung [&hellip;]<\/p>\n","protected":false},"author":1,"featured_media":0,"parent":47,"menu_order":0,"comment_status":"closed","ping_status":"closed","template":"","meta":{"footnotes":""},"class_list":["post-81","page","type-page","status-publish","hentry"],"_links":{"self":[{"href":"https:\/\/alpakas-bruennau.de\/index.php\/wp-json\/wp\/v2\/pages\/81","targetHints":{"allow":["GET"]}}],"collection":[{"href":"https:\/\/alpakas-bruennau.de\/index.php\/wp-json\/wp\/v2\/pages"}],"about":[{"href":"https:\/\/alpakas-bruennau.de\/index.php\/wp-json\/wp\/v2\/types\/page"}],"author":[{"embeddable":true,"href":"https:\/\/alpakas-bruennau.de\/index.php\/wp-json\/wp\/v2\/users\/1"}],"replies":[{"embeddable":true,"href":"https:\/\/alpakas-bruennau.de\/index.php\/wp-json\/wp\/v2\/comments?post=81"}],"version-history":[{"count":7,"href":"https:\/\/alpakas-bruennau.de\/index.php\/wp-json\/wp\/v2\/pages\/81\/revisions"}],"predecessor-version":[{"id":432,"href":"https:\/\/alpakas-bruennau.de\/index.php\/wp-json\/wp\/v2\/pages\/81\/revisions\/432"}],"up":[{"embeddable":true,"href":"https:\/\/alpakas-bruennau.de\/index.php\/wp-json\/wp\/v2\/pages\/47"}],"wp:attachment":[{"href":"https:\/\/alpakas-bruennau.de\/index.php\/wp-json\/wp\/v2\/media?parent=81"}],"curies":[{"name":"wp","href":"https:\/\/api.w.org\/{rel}","templated":true}]}}

Geburtstage für Erwachsene

<p style="font-size:1.5rem">Alle Geburtstage beginnen mit einer lehrreichen Einführung in die Alpakawelt. In und um den Stall herum können sowohl die Tiere als auch deren Lebensweise kennengelernt werden. Frei planbar sind die verschiedenen Inhalte des Geburtstages. Dazu zählen auch die Komponenten der kleinen Essenspause, des kreativen Gestaltens und der Fotografie. Die Besonderheit des Geburtstages&nbsp; ist die Wanderung mit unseren Alpakas, vorbei an Wald und Wiese.</p>



<p style="font-size:1.5rem">Kosten des Geburtstages, 320€ bis 10 Personen, jede weitere Person 10€</p>



<figure class="wp-block-gallery has-nested-images columns-default is-cropped wp-block-gallery-1 is-layout-flex wp-block-gallery-is-layout-flex">
<figure class="wp-block-image size-large"><img loading="lazy" decoding="async" width="379" height="253" data-id="83" src="https://alpakas-bruennau.de/wp-content/uploads/2023/11/bild_geburtstage_erw.png" alt="" class="wp-image-83" srcset="https://alpakas-bruennau.de/wp-content/uploads/2023/11/bild_geburtstage_erw.png 379w, https://alpakas-bruennau.de/wp-content/uploads/2023/11/bild_geburtstage_erw-300x200.png 300w" sizes="auto, (max-width: 379px) 100vw, 379px" /></figure>
</figure>



<p class="has-large-font-size"><a href="mailto:info@alpakawanderungen-bruennau.de?subject=Anfrage zu einem Geburtstag für Erwachsene">Kontaktieren Sie uns mit diesem Link</a>.</p>



<div class="wp-block-group has-accent-background-color has-background" style="border-radius:52px;margin-top:var(--wp--preset--spacing--10);margin-bottom:var(--wp--preset--spacing--10);padding-top:var(--wp--preset--spacing--20);padding-right:var(--wp--preset--spacing--10);padding-bottom:var(--wp--preset--spacing--20);padding-left:var(--wp--preset--spacing--10)"><div class="wp-block-group__inner-container is-layout-constrained wp-container-core-group-is-layout-70b45fd2 wp-block-group-is-layout-constrained">
<p style="font-size:1.5rem">Wichtige Informationen zu allen Geburtstagen</p>



<ul class="wp-block-list">
<li style="font-size:1.5rem">Die Dauer beträgt ca. 2 ½ bis 3 Stunden</li>



<li style="font-size:1.5rem">Kleine Kühlmöglichkeiten sind für das mitgebrachte Essen verfügbar</li>



<li style="font-size:1.5rem">Wir verfügen leider über keine Sanitären Anlagen und kein fließend Wasser</li>
</ul>
</div></div>

<p>Alle Geburtstage beginnen mit einer lehrreichen Einführung in die Alpakawelt. In und um den Stall herum können sowohl die Tiere als auch deren Lebensweise kennengelernt werden. Frei planbar sind die verschiedenen Inhalte des Geburtstages. Dazu zählen auch die Komponenten der kleinen Essenspause, des kreativen Gestaltens und der Fotografie. Die Besonderheit des Geburtstages&nbsp; ist die Wanderung [&hellip;]</p>
