{"id":507,"date":"2024-11-22T21:16:56","date_gmt":"2024-11-22T20:16:56","guid":{"rendered":"https:\/\/alpakas-bruennau.de\/?post_type=product&#038;p=507"},"modified":"2025-11-21T21:34:15","modified_gmt":"2025-11-21T20:34:15","slug":"alpakamuetze-suave","status":"publish","type":"product","link":"https:\/\/alpakas-bruennau.de\/index.php\/product\/alpakamuetze-suave\/","title":{"rendered":"Alpakam\u00fctze Wendem\u00fctze Damen und Herren"},"content":{"rendered":"<p>Kuschelweiche, leichte M\u00fctze aus reinem Baby Alpaka.<br \/>\nDoppelt gestrickt: auf der einen Seite Zopfmuster, Rippstrick auf der anderen Seite.<\/p>\n<p>&#8211; Wendem\u00fctze, zeitlos elegant<br \/>\n&#8211; Praktische &#8222;One Size&#8220; Gr\u00f6\u00dfe<br \/>\n&#8211; Unisex: f\u00fcr Sie und Ihn<br \/>\n&#8211; unglaublich kuschlig &amp; weich<br \/>\n&#8211; doppelt gestrickt<br \/>\n&#8211; je nach Seite Zopfmuster oder Rippstrick<\/p>\n<p>Material: 100% Alpaka (Baby Alpaka)<\/p>\n","protected":false},"excerpt":{"rendered":"<p>Kuschelweiche, leichte M\u00fctze aus reinem Baby Alpaka. Doppelt gestrickt: auf der einen Seite Zopfmuster, Rippstrick auf der anderen Seite. &#8211; Wendem\u00fctze, zeitlos elegant &#8211; Praktische &#8222;One Size&#8220; Gr\u00f6\u00dfe &#8211; Unisex: f\u00fcr Sie und Ihn &#8211; unglaublich kuschlig &amp; weich &#8211; doppelt gestrickt &#8211; je nach Seite Zopfmuster oder Rippstrick Material: 100% Alpaka (Baby Alpaka)<\/p>\n","protected":false},"featured_media":740,"comment_status":"open","ping_status":"closed","template":"","meta":[],"product_brand":[],"product_cat":[44],"product_tag":[],"class_list":{"0":"post-507","1":"product","2":"type-product","3":"status-publish","4":"has-post-thumbnail","6":"product_cat-muetzen","8":"first","9":"instock","10":"sold-individually","11":"shipping-taxable","12":"purchasable","13":"product-type-variable"},"_links":{"self":[{"href":"https:\/\/alpakas-bruennau.de\/index.php\/wp-json\/wp\/v2\/product\/507","targetHints":{"allow":["GET"]}}],"collection":[{"href":"https:\/\/alpakas-bruennau.de\/index.php\/wp-json\/wp\/v2\/product"}],"about":[{"href":"https:\/\/alpakas-bruennau.de\/index.php\/wp-json\/wp\/v2\/types\/product"}],"replies":[{"embeddable":true,"href":"https:\/\/alpakas-bruennau.de\/index.php\/wp-json\/wp\/v2\/comments?post=507"}],"wp:featuredmedia":[{"embeddable":true,"href":"https:\/\/alpakas-bruennau.de\/index.php\/wp-json\/wp\/v2\/media\/740"}],"wp:attachment":[{"href":"https:\/\/alpakas-bruennau.de\/index.php\/wp-json\/wp\/v2\/media?parent=507"}],"wp:term":[{"taxonomy":"product_brand","embeddable":true,"href":"https:\/\/alpakas-bruennau.de\/index.php\/wp-json\/wp\/v2\/product_brand?post=507"},{"taxonomy":"product_cat","embeddable":true,"href":"https:\/\/alpakas-bruennau.de\/index.php\/wp-json\/wp\/v2\/product_cat?post=507"},{"taxonomy":"product_tag","embeddable":true,"href":"https:\/\/alpakas-bruennau.de\/index.php\/wp-json\/wp\/v2\/product_tag?post=507"}],"curies":[{"name":"wp","href":"https:\/\/api.w.org\/{rel}","templated":true}]}}